by 55.
52
Calculate the remainder when 90503 is divided by 4762.
25
What is the remainder when 5154 is divided by 1022?
44
Calculate the remainder when 1198 is divided by 170.
8
Calculate the remainder when 9490 is divided by 22.
8
What is the remainder when 794197 is divided by 722?
719
Calculate the remainder when 54751 is divided by 271.
9
Calculate the remainder when 249919 is divided by 140.
19
What is the remainder when 22319 is divided by 54?
17
What is the remainder when 12946 is divided by 6449?
48
Calculate the remainder when 47385 is divided by 9.
0
What is the remainder when 696763 is divided by 8?
3
Calculate the remainder when 24746 is divided by 129.
107
What is the remainder when 46679 is divided by 778?
777
What is the remainder when 7075 is divided by 48?
19
What is the remainder when 9733 is divided by 9684?
49
Calculate the remainder when 103734 is divided by 156.
150
What is the remainder when 4527 is divided by 1442?
201
Calculate the remainder when 21143 is divided by 10165.
813
What is the remainder when 36639 is divided by 2818?
5
What is the remainder when 224655 is divided by 888?
879
What is the remainder when 20283 is divided by 45?
33
What is the remainder when 1280830 is divided by 451?
441
What is the remainder when 887997 is divided by 1850?
1847
What is the remainder when 17865 is divided by 272?
185
Calculate the remainder when 116428 is divided by 594.
4
What is the remainder when 84398 is divided by 74?
38
Calculate the remainder when 91548 is divided by 1453.
9
What is the remainder when 9610 is divided by 108?
106
What is the remainder when 8425 is divided by 765?
10
What is the remainder when 91390 is divided by 56?
54
What is the remainder when 388545 is divided by 131?
130
Calculate the remainder when 2008 is divided by 480.
88
Calculate the remainder when 306 is divided by 108.
90
Calculate the remainder when 11091 is divided by 308.
3
Calculate the remainder when 35278 is divided by 392.
390
Calculate the remainder when 47169 is divided by 644.
157
What is the remainder when 2548 is divided by 625?
48
What is the remainder when 45949 is divided by 17?
15
What is the remainder when 45177 is divided by 16?
9
Calculate the remainder when 809 is divided by 613.
196
Calculate the remainder when 54910 is divided by 54908.
2
Calculate the remainder when 25987 is divided by 113.
110
Calculate the remainder when 1881466 is divided by 32.
26
What is the remainder when 976 is divided by 169?
131
Calculate the remainder when 7989 is divided by 262.
129
What is the remainder when 13236 is divided by 288?
276
What is the remainder when 20455 is divided by 22?
17
Calculate the remainder when 218706 is divided by 749.
747
Calculate the remainder when 1139 is divided by 167.
137
Calculate the remainder when 5699263 is divided by 226.
221
What is the remainder when 542245 is divided by 274?
273
Calculate the remainder when 777128 is divided by 194275.
28
What is the remainder when 86577 is divided by 185?
182
Calculate the remainder when 104583 is divided by 159.
120
What is the remainder when 11484 is divided by 526?
438
Calculate the remainder when 1101079 is divided by 40.
39
What is the remainder when 9151 is divided by 481?
12
Calculate the remainder when 94423 is divided by 18881.
18
Calculate the remainder when 46 is divided by 42.
4
What is the remainder when 1460 is divided by 1449?
11
What is the remainder when 478771 is divided by 558?
7
What is the remainder when 981 is divided by 56?
29
Calculate the remainder when 53944 is divided by 7.
2
Calculate the remainder when 618680 is divided by 25778.
8
Calculate the remainder when 59310 is divided by 38.
30
Calculate the remainder when 133123 is divided by 24.
19
Calculate the remainder when 910330 is divided by 18.
16
Calculate the remainder when 149173 is divided by 13.
11
What is the remainder when 111318 is divided by 11129?
28
Calculate the remainder when 37746 is divided by 110.
16
Calculate the remainder when 1605 is divided by 1315.
290
Calculate the remainder when 1012691 is divided by 1229.
1224
Calculate the remainder when 257894 is divided by 494.
26
What is the remainder when 237631 is divided by 209?
207
Calculate the remainder when 105375 is divided by 14.
11
What is the remainder when 702 is divided by 693?
9
Calculate the remainder when 6042 is divided by 160.
122
What is the remainder when 77419 is divided by 245?
244
Calculate the remainder when 325527 is divided by 7.
6
What is the remainder when 2818 is divided by 908?
94
What is the remainder when 12505 is divided by 52?
25
Calculate the remainder when 2521 is divided by 1237.
47
Calculate the remainder when 51564 is divided by 88.
84
What is the remainder when 7124 is divided by 2365?
29
What is the remainder when 24959 is divided by 2?
1
Calculate the remainder when 14517 is divided by 554.
113
What is the remainder when 207463 is divided by 830?
793
Calculate the remainder when 3526 is divided by 547.
244
What is the remainder when 13388 is divided by 248?
244
Calculate the remainder when 1030 is divided by 322.
64
Calculate the remainder when 474269 is divided by 32.
29
What is the remainder when 1467 is divided by 18?
9
Calculate the remainder when 13893 is divided by 3.
0
Calculate the remainder when 28533 is divided by 37.
6
What is the remainder when 3944 is divided by 385?
94
Calculate the remainder when 22463 is divided by 208.
207
What is the remainder when 67200 is divided by 22396?
12
What is the remainder when 70586 is divided by 114?
20
Calculate the remainder when 5028 is divided by 47.
46
What is the remainder when 71838 is divided by 23?
9
What is the remainder when 9927 is divided by 3304?
15
Calculate the remainder when 260306 is divided by 68.
2
Calculate the remainder when 326748 is divided by 193.
192
Calculate the remainder when 65566 is divided by 21761.
283
What is the remainder when 25251 is divided by 262?
99
What is the remainder when 345 is divided by 11?
4
What is the remainder when 18073 is divided by 623?
6
Calculate the remainder when 1361 is divided by 102.
35
Calculate the remainder when 1294 is divided by 101.
82
Calculate the remainder when 6374 is divided by 55.
49
What is the remainder when 14547 is divided by 4764?
255
Calculate the remainder when 27793 is divided by 62.
17
Calculate the remainder when 14892 is divided by 304.
300
Calculate the remainder when 546192 is divided by 136547.
4
What is the remainder when 25290 is divided by 247?
96
Calculate the remainder when 6203 is divided by 16.
11
What is the remainder when 58652 is divided by 147?
146
What is the remainder when 1113 is divided by 310?
183
What is the remainder when 340196 is divided by 81?
77
Calculate the remainder when 710 is divided by 31.
28
Calculate the remainder when 49643 is divided by 256.
235
Calculate the remainder when 9170 is divided by 1834.
0
Calculate the remainder when 1522 is divided by 301.
17
What is the remainder when 31255 is divided by 558?
7
Calculate the remainder when 23153 is divided by 4617.
68
Calculate the remainder when 52762 is divided by 11.
6
Calculate the remainder when 45640 is divided by 671.
12
What is the remainder when 2678 is divided by 576?
374
Calculate the remainder when 283448 is divided by 79.
75
Calculate the remainder when 4814 is divided by 1454.
452
Calculate the remainder when 34385 is divided by 5611.
719
What is the remainder when 1950 is divided by 8?
6
Calculate the remainder when 3080 is divided by 1039.
1002
What is the remainder when 1079889 is divided by 132?
129
Calculate the remainder when 12284 is divided by 33.
8
Calculate the remainder when 63283 is divided by 26.
25
Calculate the remainder when 115969 is divided by 242.
51
What is the remainder when 42946 is divided by 10717?
78
Calculate the remainder when 69830 is divided by 116.
114
Calculate the remainder when 42415 is divided by 167.
164
What is the remainder when 19224 is divided by 835?
19
What is the remainder when 18035 is divided by 12?
11
Calculate the remainder when 11248 is divided by 709.
613
What is the remainder when 2105652 is divided by 1177?
1176
Calculate the remainder when 2019651 is divided by 269.
268
Calculate the remainder when 544501 is